4.
4
Calculate the greatest common divisor of 2158 and 143.
13
What is the greatest common divisor of 154 and 10774302?
154
What is the highest common divisor of 6960 and 114115?
145
What is the highest common factor of 5270 and 430?
10
What is the highest common factor of 48 and 13722?
6
What is the highest common factor of 3582240 and 255?
255
Calculate the highest common factor of 266 and 30210.
38
Calculate the greatest common divisor of 172374 and 6.
6
Calculate the greatest common factor of 13930 and 136315.
995
What is the highest common factor of 183 and 15823461?
183
Calculate the greatest common divisor of 3850 and 400.
50
What is the greatest common divisor of 6381 and 18?
9
What is the highest common factor of 464 and 3176?
8
Calculate the highest common factor of 7628886 and 321.
321
What is the highest common divisor of 25369 and 23?
23
What is the greatest common factor of 34223 and 56?
7
What is the greatest common factor of 11 and 182633?
11
Calculate the highest common divisor of 69 and 369541.
23
Calculate the greatest common divisor of 10825 and 3031.
433
What is the highest common divisor of 109474 and 2032?
254
Calculate the highest common divisor of 1269 and 107301.
141
What is the highest common divisor of 42 and 29918?
14
What is the highest common factor of 6877 and 6032?
13
What is the highest common divisor of 124889 and 71?
71
What is the highest common factor of 247663 and 39?
13
Calculate the greatest common factor of 22284 and 27.
9
What is the highest common divisor of 41860 and 494?
26
What is the greatest common factor of 368938 and 116?
58
What is the greatest common divisor of 1445471 and 7064?
883
Calculate the highest common factor of 91 and 26910.
13
Calculate the highest common factor of 51 and 4454.
17
What is the greatest common factor of 816 and 53?
1
Calculate the greatest common divisor of 290 and 41170.
10
Calculate the highest common factor of 2015 and 118079.
403
What is the highest common divisor of 319466 and 133?
133
Calculate the highest common factor of 14576 and 7520.
16
What is the highest common factor of 468 and 9124?
4
What is the greatest common divisor of 10857582 and 1314?
1314
Calculate the highest common divisor of 1764620 and 104.
52
Calculate the highest common factor of 1170 and 1274.
26
What is the highest common factor of 5831 and 969?
17
What is the highest common divisor of 78860 and 36?
4
What is the greatest common factor of 14993 and 92026?
517
What is the greatest common factor of 113 and 280692?
113
What is the highest common factor of 650 and 11336?
26
What is the highest common divisor of 157485 and 75?
15
Calculate the highest common factor of 56837 and 297.
11
Calculate the greatest common divisor of 1488 and 3152.
16
What is the highest common factor of 1285404 and 408?
204
Calculate the highest common factor of 17640 and 200.
40
Calculate the greatest common factor of 187 and 37672.
17
What is the greatest common factor of 123 and 97703?
41
Calculate the greatest common factor of 3015 and 166995.
45
Calculate the greatest common factor of 50871 and 279.
93
Calculate the greatest common factor of 4369 and 11509.
17
What is the greatest common divisor of 27 and 678?
3
Calculate the greatest common factor of 95 and 1043385.
95
What is the highest common factor of 1463 and 113981?
133
What is the highest common factor of 620974 and 1506?
502
Calculate the highest common factor of 24 and 83940.
12
What is the greatest common divisor of 431093 and 13?
13
Calculate the greatest common factor of 6545 and 15.
5
What is the greatest common divisor of 16 and 23128?
8
Calculate the highest common factor of 192718 and 1336.
334
Calculate the greatest common factor of 2000 and 3860.
20
What is the greatest common divisor of 2363 and 68?
17
Calculate the greatest common divisor of 2326356 and 36.
36
Calculate the highest common factor of 19 and 575833.
19
What is the highest common divisor of 5197 and 7?
1
What is the highest common factor of 2300 and 3588?
92
What is the greatest common divisor of 57949 and 9369?
347
What is the highest common divisor of 4991 and 31372?
713
Calculate the greatest common divisor of 2853861 and 58.
29
What is the highest common factor of 15202 and 1826?
22
Calculate the highest common divisor of 114378 and 297.
33
Calculate the greatest common divisor of 31 and 56854.
31
What is the greatest common divisor of 5090895 and 90?
45
What is the highest common divisor of 891959 and 74?
37
Calculate the greatest common factor of 36 and 3288.
12
Calculate the highest common factor of 362 and 116.
2
What is the highest common divisor of 1708 and 5824?
28
What is the highest common divisor of 95571 and 999?
333
Calculate the highest common factor of 230223 and 114.
57
What is the highest common divisor of 5932 and 4?
4
Calculate the highest common factor of 132 and 97428.
12
Calculate the greatest common factor of 81 and 80271.
81
What is the greatest common divisor of 144 and 45344?
16
What is the highest common divisor of 1841054 and 178?
178
What is the highest common divisor of 75 and 121575?
75
What is the highest common divisor of 917 and 371?
7
Calculate the greatest common factor of 1407889 and 119.
119
What is the highest common factor of 7800852 and 12?
12
What is the highest common factor of 3509766 and 2756?
1378
Calculate the highest common divisor of 28382 and 46.
46
Calculate the highest common divisor of 2144 and 122476.
268
What is the highest common divisor of 102156 and 48?
12
Calculate the highest common divisor of 286 and 3520.
22
What is the greatest common factor of 2204762 and 42?
14
Calculate the highest common divisor of 29161 and 3509.
121
Calculate the highest common factor of 23 and 2865731.
23
Calculate the greatest common divisor of 55506 and 3480.
174
Calculate the greatest common factor of 52317 and 18.
9
What is the greatest common divisor of 3488 and 31937?
109
Calculate the greatest common divisor of 41933 and 1539.
19
Calculate the highest common factor of 3306 and 2983.
19
What is the highest common divisor of 38616 and 6984?
24
What is the greatest common divisor of 221904 and 89244?
2412
What is the greatest common factor of 1957992 and 2244?
204
Calculate the greatest common factor of 151425 and 675.
225
What is the highest common divisor of 92 and 97106?
46
Calculate the greatest common divisor of 77 and 16373.
7
What is the highest common factor of 2781 and 173349?
927
Calculate the highest common divisor of 39438 and 23814.
126
Calculate the highest common factor of 14170 and 416.
26
Calculate the highest common factor of 4544 and 913628.
284
What is the highest common divisor of 101116 and 204?
68
What is the highest common divisor of 1008 and 3033?
9
Calculate the highest common divisor of 855 and 4455.
45
Calculate the highest common divisor of 280925 and 275.
25
Calculate the highest common divisor of 816 and 47532.
204
What is the highest common factor of 247751 and 77?
7
Calculate the highest common factor of 12 and 2659356.
12
What is the highest common factor of 430560 and 585?
585
Calculate the greatest common divisor of 1744 and 60604.
436
Calculate the highest common factor of 747 and 3403.
83
What is the greatest common divisor of 424 and 68582?
106
Calculate the highest common factor of 8 and 14537.
1
Calculate the highest common factor of 822 and 21098.
274
Calculate the highest common factor of 1057 and 846506.
151
Calculate the greatest common factor of 684 and 16644.
228
Calculate the highest common divisor of 14 and 599501.
7
What is the highest common divisor of 28 and 106386?
14
What is the greatest common divisor of 1177 and 22?
11
Calculate the greatest common factor of 2144 and 1212432.
1072
Calculate the greatest common factor of 192 and 1138272.
96
What is the greatest common factor of 2436 and 80504?
116
Calculate the greatest common divisor of 21951 and 63143.
271
What is the highest common divisor of 974974 and 66?
22
What is the highest common factor of 240 and 34032?
48
Calculate the greatest common divisor of 154 and 82038.
22
Calculate the highest common divisor of 1105716 and 12.
12
Calculate the greatest common factor of 1098 and 45506.
122
Calculate the greatest common fac